/(5/(q/6)) is divided by 13.
10
Let c = -41 - -77. Calculate the remainder when c is divided by 10.
6
Calculate the remainder when 1 + 37 - (5/5)/1 is divided by 20.
17
Let n = 22 + -9. What is the remainder when 36 is divided by n?
10
Let n be (-5 + (1 - -2))/(-1). Suppose -3 = n*d - 7. What is the remainder when 3 is divided by d?
1
Let p(q) = -q**3 + 4*q**2 - 3. Let x be p(4). Calculate the remainder when 50 is divided by x/6*13*-2.
11
Suppose -34 = -2*j - 3*j - 3*z, z = -j + 6. Calculate the remainder when j is divided by 2.
0
Let m = 10 + -10. Suppose 4*x - 66 = q + q, m = x + q - 24. Calculate the remainder when x is divided by 11.
8
Let t(w) = 9*w**3 - w**2 + 1. Suppose 1 = 2*f - f. Suppose -c = -10 - 15. Calculate the remainder when c is divided by t(f).
7
Let g = -4 + 12. Suppose -f = 6 - g. Calculate the remainder when f is divided by 1.
0
Suppose -3*h - 4*z = 24, 5*z = 2*h + h - 3. Let j(o) = -o**2 - 5*o - 5. Let i be j(h). Let q = 1 - i. What is the remainder when 2 is divided by q?
0
Let y = -134 + 236. Suppose -2*q = 5*v - 93, 0*q + y = 2*q - 4*v. Calculate the remainder when q is divided by 17.
15
Let r(y) = y**2 + 5*y + 4. Let h = -1 - 1. Let g = h + 20. Calculate the remainder when g is divided by r(-6).
8
Suppose 5*s = -5*o + 45, 44 = 3*s - 2*o - 3. Calculate the remainder when s is divided by (-1)/(((-4)/20)/1).
3
Let a(m) = 2*m + 11. Let i be a(-10). Let g(d) = -d**3 - 10*d**2 - 10*d - 5. What is the remainder when g(i) is divided by 2?
0
Suppose -10*o = -5*o - 75. What is the remainder when 73 is divided by o?
13
Suppose 114 = i - 19. What is the remainder when i is divided by 34?
31
Suppose 2*s - 18 = 92. Let a = -33 - -67. Let x = -15 + a. Calculate the remainder when s is divided by x.
17
Suppose 4*r - 41 = 67. Calculate the remainder when 51 is divided by r.
24
Let c = -71 - -124. Calculate the remainder when c is divided by 14.
11
Let t = 2 + 1. Suppose 3*r + 5*a = 59, 3*r + t*a - 97 = -r. Let p = r + -10. Calculate the remainder when 53 is divided by p.
17
Let n = -9 - -95. What is the remainder when n is divided by 31?
24
Let q(j) = 7*j**2 - 1. Let p be q(-1). Let i be p/(-21) - (-74)/14. Suppose -3*d + 21 = -i*k - 16, 10 = -2*k. Calculate the remainder when 11 is divided by d.
3
Let u = -176 - -193. Let r = 10 + -4. Calculate the remainder when u is divided by r.
5
Suppose 16*s = 6*s + 90. Suppose 0*c + c - 3 = 0. What is the remainder when s is divided by c?
0
Let v = -238 + 245. Suppose 77 = 3*l + 2*j, 5*l + 3*j = -2*j + 130. Calculate the remainder when l is divided by v.
4
Let b(n) = 3*n + n**3 - 3*n**3 + n**3 + 2 + 0. Calculate the remainder when 6 is divided by b(-2).
2
Suppose 0*c = 4*c - 40. Calculate the remainder when 29 is divided by c.
9
Let s(h) = -2*h**3 - h**2 + 2. Let x = -102 - -155. What is the remainder when x is divided by s(-2)?
11
Let u = 54 - 23. Suppose 3*x = 4*a + u - 196, -2*x + 10 = 0. Calculate the remainder when a is divided by 12.
9
Suppose -4*f + 613 + 159 = 0. What is the remainder when f is divided by 49?
46
Let k(r) = -r + 8. Suppose -6*y + 5*y + 7 = 0. Let v = y + -3. What is the remainder when v is divided by k(6)?
0
Calculate the remainder when 83 - -32 - (0 + -4) is divided by 40.
39
Suppose -2 + 13 = x. Suppose 3*s - 75 = -2*i - i, 0 = 5*s - 3*i - 165. What is the remainder when s is divided by x?
8
Let j be (5 + 9)/((-4)/(-2)). Calculate the remainder when ((-8)/(-6))/((-2)/(-15)) is divided by j + (-2)/(-1) + -5.
2
Suppose 0 = -103*a + 101*a + 18. What is the remainder when 34 is divided by a?
7
What is the remainder when 780/25*20/6 is divided by 21?
20
Let m = -160 + 270. What is the remainder when m is divided by 37?
36
Let b(i) = 11*i + 1. Let f(a) = -23*a - 2. Let v(y) = 9*b(y) + 4*f(y). Let r be v(-1). Let s = r - -23. What is the remainder when s is divided by 6?
5
Suppose 76*t - 56 = 72*t. What is the remainder when t is divided by 5?
4
Let z = 6 + -3. Suppose -54 = -3*v - 2*n, 18 = v + 4*n - 0. Suppose -5*h + 7 = -v. What is the remainder when h is divided by z?
2
Let m = -61 - -135. Let o = m + -44. What is the remainder when o is divided by 16?
14
Suppose -3*b = d, -3*d + 0*d - 5*b + 4 = 0. Suppose 0*o = 4*u - 4*o - 32, 0 = -5*o. Calculate the remainder when 3*d*66/27 is divided by u.
6
Suppose 3*k - x - 10 - 26 = 0, 3*x + 53 = 4*k. What is the remainder when 85 is divided by k?
8
Let m(h) = 2*h - 1. Suppose 5*x - 4*d = -2, x + x = -5*d + 19. Suppose -2*q = x*r - 14, 0*q + 3 = 5*r - 3*q. Calculate the remainder when m(4) is divided by r.
1
Suppose -5*r + 80 = -130. Calculate the remainder when r is divided by 11.
9
What is the remainder when 40 is divided by (3 - -1 - 3)*(16 - 1)?
10
Let f(j) = j + 14. Let n be f(-9). Let l = 7 - n. Suppose 84 = q + l*q. Calculate the remainder when q is divided by 15.
13
Suppose 21 = 4*d - d. What is the remainder when 34 is divided by d?
6
Let f(n) = 2*n**3 + 4*n**2 - 4*n + 2. Calculate the remainder when f(2) is divided by 4.
2
Let n be (-1)/4 - 18/(-8). Let o = -29 + 43. Suppose n*h = 2 + o. What is the remainder when h is divided by 5?
3
Let k = 13 + -8. Suppose d = k*d - 48. Calculate the remainder when d is divided by 7.
5
Let d = 12 + -8. Calculate the remainder when 71 is divided by 71/d + (-2)/(-8).
17
Suppose -2*o - o = 0, 2*o = -3*d + 60. Suppose 68 - 300 = -4*m. What is the remainder when m is divided by d?
18
Suppose a - 4*n - 18 = 0, 3*a + 5*n - 2 = 1. Calculate the remainder when 20 is divided by a.
2
Let q = 18 - 13. Suppose -6 = 2*f + j - 28, -3*j = -3*f + 51. What is the remainder when f is divided by q?
3
Let t = -5 + 17. Let b = 18 + t. What is the remainder when b is divided by 11?
8
Let j = -10 - -35. Let r = -12 + j. What is the remainder when 51 is divided by r?
12
Let n = -24 - -16. Let p = 4 + 2. Calculate the remainder when 14 is divided by (n/3)/((-2)/p).
6
Let d(i) = 0*i + i - 2*i - 2*i - 2. What is the remainder when 7 is divided by d(-2)?
3
Calculate the remainder when 6/2 + 1 + 47 is divided by 4.
3
Suppose 4*v - 17 = -1. Let q(n) = v*n - 2*n + 19 - 3*n. Calculate the remainder when 37 is divided by q(0).
18
Suppose 4*y + 63 = 627. Calculate the remainder when y is divided by 36.
33
Let x = 79 - 37. Let g be (7 - 7)*1/(-1). What is the remainder when x is divided by (g/(-4))/3 + 22?
20
Calculate the remainder when (-2)/2 + (-5 - -71 - -1) is divided by 17.
15
Let k = -8 + 20. Suppose 2*n - 16 = -4*g, g + 0*n = 3*n + 4. Calculate the remainder when ((-70)/4)/((-2)/g) is divided by k.
11
Suppose 0 = -4*s + 12 + 16. Suppose 0 = -g + s + 1. Let o = -3 - -18. What is the remainder when o is divided by g?
7
Suppose 0 = -3*u + q + 13, 5 = -4*q - 11. Calculate the remainder when 6 is divided by u.
0
Let b(i) = -i**3 - i - 1. Let l be b(0). Let z = 44 - 24. Calculate the remainder when 56 is divided by z + l + (0 - 0).
18
Let n = -18 - -29. Suppose 0*t = v - t - 55, -4*t = -4. Let j = v + -24. Calculate the remainder when j is divided by n.
10
Let i(p) = 6*p**3 + 12*p**2 + 11*p. Let t(u) = 2*u**3 + 4*u**2 + 4*u. Let s(z) = -3*i(z) + 8*t(z). What is the remainder when s(-3) is divided by 6?
3
Calculate the remainder when (228/20 - 5) + (-2)/5 is divided by 2.
0
Let k(d) = 8*d**2 + 10*d. What is the remainder when 165 is divided by k(-3)?
39
Let f(m) be the third derivative of m**5/12 + m**4/24 - m**3/3 + 2*m**2. What is the remainder when 46 is divided by f(-2)?
14
Let v be (-6 - -3) + (-1 - -232). Suppose -22 = -5*j + v. What is the remainder when j is divided by 13?
11
Let h(n) = -n**3 - 6*n**2 + 9*n + 8. Let d be h(-7). Let r(s) = 3*s + 6. Let k be r(d). What is the remainder when 19 is divided by (-4 - k)*5/4?
9
Suppose 3*v + 20 = 4*y, 2*v + 32 = -2*v + 4*y. Let q = v + 18. Calculate the remainder when 14 is divided by q.
2
Suppose -2 + 18 = 4*v. Suppose -215 = -v*d + 1. What is the remainder when d is divided by 19?
16
Let i be -4*4/(-16) - 1. Suppose 0 = -2*v - i*v + 106. Calculate the remainder when v is divided by 18.
17
Suppose o + o - 1 = 3*x, -24 = 3*o + 4*x. Let y = 131 - 94. What is the remainder when y is divided by (1/o)/(9/(-468))?
11
Let q = 33 - 22. What is the remainder when (48/(-5))/((-3)/10) is divided by q?
10
Let s(h) = -8*h - 4 - 2 + 5. What is the remainder when 7/((-2)/(-24)*3